 of 4703?
7
What is the units digit of 165?
5
What is the hundreds digit of 18701?
7
What is the ten thousands digit of 79936?
7
What is the units digit of 558?
8
What is the ten thousands digit of 12135?
1
What is the thousands digit of 63410?
3
What is the thousands digit of 24319?
4
What is the units digit of 87132?
2
What is the ten thousands digit of 16605?
1
What is the tens digit of 861?
6
What is the units digit of 17561?
1
What is the units digit of 3652?
2
What is the units digit of 831?
1
What is the thousands digit of 10113?
0
What is the hundreds digit of 80008?
0
What is the hundreds digit of 3149?
1
What is the tens digit of 3429?
2
What is the ten thousands digit of 12199?
1
What is the thousands digit of 6419?
6
What is the hundreds digit of 3093?
0
What is the hundreds digit of 1772?
7
What is the ten thousands digit of 108975?
0
What is the units digit of 1129?
9
What is the ten thousands digit of 19528?
1
What is the thousands digit of 49325?
9
What is the tens digit of 20854?
5
What is the tens digit of 10959?
5
What is the thousands digit of 23300?
3
What is the hundreds digit of 3626?
6
What is the ten thousands digit of 33619?
3
What is the thousands digit of 24050?
4
What is the units digit of 745?
5
What is the tens digit of 19073?
7
What is the tens digit of 1533?
3
What is the tens digit of 13?
1
What is the units digit of 10313?
3
What is the units digit of 7486?
6
What is the ten thousands digit of 63380?
6
What is the units digit of 707?
7
What is the tens digit of 2414?
1
What is the tens digit of 1566?
6
What is the tens digit of 564?
6
What is the ten thousands digit of 24112?
2
What is the tens digit of 3111?
1
What is the hundreds digit of 11648?
6
What is the units digit of 958?
8
What is the ten thousands digit of 22255?
2
What is the hundreds digit of 1232?
2
What is the tens digit of 78462?
6
What is the hundreds digit of 2233?
2
What is the ten thousands digit of 14315?
1
What is the units digit of 20193?
3
What is the hundreds digit of 9159?
1
What is the units digit of 46963?
3
What is the hundreds digit of 1919?
9
What is the tens digit of 548?
4
What is the units digit of 3841?
1
What is the tens digit of 3055?
5
What is the hundreds digit of 33200?
2
What is the units digit of 213?
3
What is the thousands digit of 2035?
2
What is the units digit of 19111?
1
What is the hundreds digit of 7342?
3
What is the ten thousands digit of 32029?
3
What is the thousands digit of 106949?
6
What is the hundreds digit of 11962?
9
What is the tens digit of 52494?
9
What is the hundreds digit of 146192?
1
What is the thousands digit of 3673?
3
What is the thousands digit of 6370?
6
What is the tens digit of 712?
1
What is the hundred thousands digit of 103445?
1
What is the units digit of 250?
0
What is the thousands digit of 83021?
3
What is the units digit of 11938?
8
What is the tens digit of 5114?
1
What is the ten thousands digit of 14439?
1
What is the hundreds digit of 1197?
1
What is the tens digit of 1666?
6
What is the units digit of 9258?
8
What is the tens digit of 6441?
4
What is the tens digit of 414?
1
What is the hundreds digit of 1226?
2
What is the units digit of 2509?
9
What is the tens digit of 89580?
8
What is the thousands digit of 34900?
4
What is the ten thousands digit of 38860?
3
What is the hundreds digit of 1389?
3
What is the thousands digit of 142580?
2
What is the tens digit of 3266?
6
What is the units digit of 1665?
5
What is the tens digit of 476?
7
What is the hundreds digit of 4007?
0
What is the tens digit of 13918?
1
What is the thousands digit of 4482?
4
What is the hundreds digit of 5098?
0
What is the tens digit of 8092?
9
What is the tens digit of 95?
9
What is the tens digit of 2890?
9
What is the tens digit of 27108?
0
What is the ten thousands digit of 52355?
5
What is the tens digit of 70099?
9
What is the units digit of 7883?
3
What is the units digit of 3603?
3
What is the thousands digit of 3814?
3
What is the tens digit of 563?
6
What is the hundreds digit of 44135?
1
What is the hundreds digit of 20570?
5
What is the hundreds digit of 10286?
2
What is the hundreds digit of 382?
3
What is the ten thousands digit of 101443?
0
What is the tens digit of 2478?
7
What is the hundreds digit of 5008?
0
What is the tens digit of 38660?
6
What is the tens digit of 3218?
1
What is the hundreds digit of 1313?
3
What is the units digit of 137333?
3
What is the hundreds digit of 1539?
5
What is the tens digit of 19671?
7
What is the units digit of 1075?
5
What is the hundreds digit of 15967?
9
What is the tens digit of 3958?
5
What is the tens digit of 204?
0
What is the units digit of 2634?
4
What is the hundreds digit of 11906?
9
What is the ten thousands digit of 34451?
3
What is the hundreds digit of 1248?
2
What is the thousands digit of 29013?
9
What is the tens digit of 5588?
8
What is the units digit of 528?
8
What is the hundreds digit of 149?
1
What is the hundreds digit of 4184?
1
What is the units digit of 28218?
8
What is the hundreds digit of 1661?
6
What is the hundreds digit of 720?
7
What is the tens digit of 1261?
6
What is the ten thousands digit of 139426?
3
What is the tens digit of 819?
1
What is the thousands digit of 3858?
3
What is the thousands digit of 2341?
2
What is the hundreds digit of 3670?
6
What is the thousands digit of 2606?
2
What is the hundreds digit of 170?
1
What is the thousands digit of 6593?
6
What is the ten thousands digit of 17341?
1
What is the tens digit of 7614?
1
What is the hundreds digit of 806?
8
What is the tens digit of 1756?
5
What is the tens digit of 141?
4
What is the hundreds digit of 524?
5
What is the tens digit of 949?
4
What is the units digit of 6376?
6
What is the units digit of 115930?
0
What is the tens digit of 4628?
2
What is the thousands digit of 5037?
5
What is the tens digit of 16928?
2
What is the hundreds digit of 221?
2
What is the units digit of 814?
4
What is the units digit of 42122?
2
What is the units digit of 5146?
6
What is the units digit of 67059?
9
What is the units digit of 11361?
1
What is the thousands digit of 1806?
1
What is the units digit of 816?
6
What is the thousands digit of 36096?
6
What is the thousands digit of 5450?
5
What is the units digit of 674?
4
What is the units digit of 1237?
7
What is the hundreds digit of 888?
8
What is the units digit of 9214?
4
What is the units digit of 21266?
6
What is the units digit of 1312?
2
What is the hundreds digit of 345?
3
What is the hundreds digit of 1323?
3
What is the units digit of 2426?
6
What is the ten thousands digit of 92097?
9
What is the hundreds digit of 6021?
0
What is the tens digit of 2156?
5
What is the units digit of 31?
1
What is the hundreds digit of 63969?
9
What is the ten thousands digit of 15862?
1
What is the hundreds digit of 866?
8
What is the tens digit of 9278?
7
What is the units digit of 38915?
5
What is the tens digit of 2811?
1
What is the hundreds digit of 65051?
0
What is the tens digit of 16483?
8
What is the tens digit of 157?
5
What is the thousands digit of 133458?
3
What is the hundreds digit of 701?
7
What is the hundreds digit of 800?
8
What is the tens digit of 699?
9
What is the thousands digit of 75306?
5
What is the hundreds digit of 13346?
3
What is the tens digit of 289?
8
What is the ten thousands digit of 36244?
3
What is the units digit of 931?
1
What is the hundreds digit of 669?
6
What is the thousands digit of 69609?
9
What is the units digit of 947?
7
What is the hundreds digit of 15824?
8
What is the hundreds digit of 41447?
4
What is the hundreds digit of 554?
5
What is the thousands digit of 28771?
8
What is the units digit of 1817?
7
What is the hundred thousands digit of 106643?
1
What is the units digit of 133798?
8
What is the units digit of 2096?
6
What is the thousands digit of 5449?
5
What is the units digit of 17310?
0
What is the tens digit of 1158?
5
What is the thousands digit of 5560?
5
What is the units digit of 100016?
6
What is the hundreds digit of 1831?
8
What is the units digit of 26454?
4
What is the hundreds digit of 10257?
2
What is the thousands digit of 12022?
2
What is the tens digit of 14121?
2
What is the hundreds digit of 7461?
4
What is the hundred